{"id":18,"date":"2018-08-10T11:54:35","date_gmt":"2018-08-10T11:54:35","guid":{"rendered":"http:\/\/rostundrubel.com\/?page_id=18"},"modified":"2023-09-18T14:13:46","modified_gmt":"2023-09-18T14:13:46","slug":"studio","status":"publish","type":"page","link":"https:\/\/rostundrubel.com\/?page_id=18","title":{"rendered":"Studio"},"content":{"rendered":"<div class=\"rl-gallery-container rl-loading\" id=\"rl-gallery-container-1\" data-gallery_id=\"114\"> <div class=\"rl-gallery rl-basicgrid-gallery \" id=\"rl-gallery-1\" data-gallery_no=\"1\"> <div class=\"rl-gallery-item\"><a href=\"https:\/\/rostundrubel.com\/wp-content\/uploads\/2018\/09\/beideR.jpg\" title=\"\" data-rl_title=\"\" class=\"rl-gallery-link\" data-rl_caption=\"\" data-rel=\"lightbox-gallery-1\"><img src=\"https:\/\/rostundrubel.com\/wp-content\/uploads\/2018\/09\/beideR.jpg\" width=\"4646\" height=\"1376\" alt=\"\"\/><\/a><\/div> <\/div> <\/div>\n<p>Links im Bild der &#8218;Monitor&#8216;-Raum mit Mischpult, Midi-Ger\u00e4ten, Synthesizer, Klavier ;- kurz gesagt: mit den Lautsprechern, Kn\u00f6pfen und Tasten. Rechts im Bild der &#8218;Live&#8216;-Raum mit Schlagzeug, Percussion, Verst\u00e4rkern. Beide Bilder sind w\u00e4hrend der Aufbauphase entstanden und entsprechen nicht dem Stand der aktuellen &#8218;Ausr\u00fcstung&#8216;.<\/p>\n<p>Auch wenn sich bei dieser Aufstellung ein gewisses \u00fcbersprechen gewisser Mikrofone (bei gleichzeitigem Spiel) nicht vermeiden l\u00e4sst, eignet sie sich gut um &#8218;klassische&#8216; Band-Aufnahmen zu gew\u00e4hrleisten. Bei gr\u00f6\u00dferen \/ l\u00e4ngeren Produktionen kommt es h\u00e4ufig ohnehin zu sequenziellen Aufnahme-, Produktionsprozessen. Darin liegt auch die St\u00e4rke der beiden R\u00e4ume, da es auch als Einzel-K\u00fcnstler oder in kleinerer Besetzung m\u00f6glich ist, schnell eine Vielzahl an Instrumenten zu erreichen und Ideen auszuprobieren und umzusetzen.<\/p>\n<p>Beide R\u00e4ume werden weiter nach akustischen Gesichtspunkten ausgebaut. In einem Nebenraum, soll ein &#8218;isolierter&#8216; Raum f\u00fcr ein verbessertes simultanes Mixing entstehen.<\/p>\n","protected":false},"excerpt":{"rendered":"<p>Links im Bild der &#8218;Monitor&#8216;-Raum mit Mischpult, Midi-Ger\u00e4ten, Synthesizer, Klavier ;- kurz gesagt: mit den Lautsprechern, Kn\u00f6pfen und Tasten. Rechts im Bild der &#8218;Live&#8216;-Raum mit Schlagzeug, Percussion, Verst\u00e4rkern. Beide Bilder sind w\u00e4hrend der Aufbauphase entstanden&hellip; <\/p>\n<p><a class=\"more-link\" href=\"https:\/\/rostundrubel.com\/?page_id=18\">Studio weiterlesen<\/a><\/p>\n","protected":false},"author":1,"featured_media":107,"parent":0,"menu_order":0,"comment_status":"closed","ping_status":"closed","template":"","meta":{"footnotes":""},"_links":{"self":[{"href":"https:\/\/rostundrubel.com\/index.php?rest_route=\/wp\/v2\/pages\/18"}],"collection":[{"href":"https:\/\/rostundrubel.com\/index.php?rest_route=\/wp\/v2\/pages"}],"about":[{"href":"https:\/\/rostundrubel.com\/index.php?rest_route=\/wp\/v2\/types\/page"}],"author":[{"embeddable":true,"href":"https:\/\/rostundrubel.com\/index.php?rest_route=\/wp\/v2\/users\/1"}],"replies":[{"embeddable":true,"href":"https:\/\/rostundrubel.com\/index.php?rest_route=%2Fwp%2Fv2%2Fcomments&post=18"}],"version-history":[{"count":12,"href":"https:\/\/rostundrubel.com\/index.php?rest_route=\/wp\/v2\/pages\/18\/revisions"}],"predecessor-version":[{"id":166,"href":"https:\/\/rostundrubel.com\/index.php?rest_route=\/wp\/v2\/pages\/18\/revisions\/166"}],"wp:featuredmedia":[{"embeddable":true,"href":"https:\/\/rostundrubel.com\/index.php?rest_route=\/wp\/v2\/media\/107"}],"wp:attachment":[{"href":"https:\/\/rostundrubel.com\/index.php?rest_route=%2Fwp%2Fv2%2Fmedia&parent=18"}],"curies":[{"name":"wp","href":"https:\/\/api.w.org\/{rel}","templated":true}]}}