{"id":88,"date":"2018-08-13T18:27:39","date_gmt":"2018-08-13T18:27:39","guid":{"rendered":"http:\/\/rostundrubel.com\/?page_id=88"},"modified":"2018-10-15T19:29:03","modified_gmt":"2018-10-15T19:29:03","slug":"akustik-optimierung-fusion-2018-cabaret","status":"publish","type":"page","link":"https:\/\/rostundrubel.com\/?page_id=88","title":{"rendered":"Akustik-Optimierung Fusion 2018, Cabaret"},"content":{"rendered":"<p>&nbsp;<\/p>\n<p><img decoding=\"async\" loading=\"lazy\" class=\"size-medium wp-image-68 alignright\" src=\"http:\/\/rostundrubel.com\/wp-content\/uploads\/2018\/08\/cabshow-1-300x287.jpg\" alt=\"\" width=\"300\" height=\"287\" srcset=\"https:\/\/rostundrubel.com\/wp-content\/uploads\/2018\/08\/cabshow-1-300x287.jpg 300w, https:\/\/rostundrubel.com\/wp-content\/uploads\/2018\/08\/cabshow-1-768x734.jpg 768w, https:\/\/rostundrubel.com\/wp-content\/uploads\/2018\/08\/cabshow-1-1024x979.jpg 1024w, https:\/\/rostundrubel.com\/wp-content\/uploads\/2018\/08\/cabshow-1.jpg 1914w\" sizes=\"(max-width: 300px) 100vw, 300px\" \/>Als Bart fragte, ob ich helfen m\u00f6chte den Cabaret Hangar akustisch zu Optimieren, war ich gleich motiviert.<\/p>\n<p>Gemeinsam planten wir ca. 18% der Deckenfl\u00e4che mit Absorber-Paneelen innerhalb der Rippenb\u00f6gen zu befestigen. Die Tiefe der Rippenb\u00f6gen nimmt von der oberen Mitte nach unten verlaufend zu. Da die Anbringung\/Ordnung der Paneele der Tangente des Halbkreises des Rippenbogens entspricht und durchg\u00e4ngig ist, ist auch eine gew\u00fcnschte Varianz der Absorbtionseffektivit\u00e4t der Paneel-Reihe gegeben (da sich die Tiefe des abgeschlossenen Luftraums hinter der Paneel-Reihe ver\u00e4ndert).<br \/>\nDadurch konnten wir die Absorber-Paneele einheitlich bauen und sie so planen, dass sie auch in jedem anderen Hangar auf dem Platz eingebaut werden k\u00f6nnen. Die &#8217;standardisierte&#8216; Planung erm\u00f6glichte es schnell ca. 150 Absorber-Paneele zu bauen.<\/p>\n<p>Zus\u00e4tzlich wurden 5 Bass-Traps an der Wand hinter der B\u00fchnen angebracht. Zwei von den Traps sind Fl\u00e4chen aus Tektalan Platten, da auf den unteren beiden B\u00fchnenseiten aufgrund der Zugangswege keine effektive Tiefe eines normalen Absorbers aus z.B. Stein-\/ Mineralwolle m\u00f6glich war.<\/p>\n<p>Ein zus\u00e4tzliches Manko der Raumakustik stellte das gro\u00dfe Metall-Treppengel\u00e4nder mit ca. 400 Verstrebungen dar. Zwar optisch sehr sch\u00f6n, klang das Treppengel\u00e4nder bei akustischer Anregung schnell mit und bei physischer Anregung mehr als 3 sec nach.\u00a0Wir l\u00f6sten das Problem in dem wir den oberen Rahmen mit Sand f\u00fcllten und zwischen die Querverstrebungen Holzkeile im Versatz einf\u00fcgten. Zwar hatte die Treppe bei einem\u00a0 Anschlag noch einen gewissen &#8218;perkussiven&#8216; Klang, doch schwang dieser kaum mehr nach und akustisch konnte sie nicht mehr relevant angeregt werden.<\/p>\n<p>Unter Mithilfe einiger Helfer konnten wir das Projekt in ca. 3 Wochen realisieren.<\/p>\n<div id='gallery-1' class='gallery galleryid-88 gallery-columns-3 gallery-size-thumbnail'><figure class='gallery-item'>\n\t\t\t<div class='gallery-icon landscape'>\n\t\t\t\t<a href='https:\/\/rostundrubel.com\/wp-content\/uploads\/2018\/08\/plan-skizze.png' title=\"\" data-rl_title=\"\" class=\"rl-gallery-link\" data-rl_caption=\"\" data-rel=\"lightbox-gallery-1\"><img width=\"150\" height=\"150\" src=\"https:\/\/rostundrubel.com\/wp-content\/uploads\/2018\/08\/plan-skizze-150x150.png\" class=\"attachment-thumbnail size-thumbnail\" alt=\"\" decoding=\"async\" loading=\"lazy\" \/><\/a>\n\t\t\t<\/div><\/figure><figure class='gallery-item'>\n\t\t\t<div class='gallery-icon landscape'>\n\t\t\t\t<a href='https:\/\/rostundrubel.com\/wp-content\/uploads\/2018\/08\/rahmen.jpg' title=\"\" data-rl_title=\"\" class=\"rl-gallery-link\" data-rl_caption=\"\" data-rel=\"lightbox-gallery-1\"><img width=\"150\" height=\"150\" src=\"https:\/\/rostundrubel.com\/wp-content\/uploads\/2018\/08\/rahmen-150x150.jpg\" class=\"attachment-thumbnail size-thumbnail\" alt=\"\" decoding=\"async\" loading=\"lazy\" \/><\/a>\n\t\t\t<\/div><\/figure><figure class='gallery-item'>\n\t\t\t<div class='gallery-icon landscape'>\n\t\t\t\t<a href='https:\/\/rostundrubel.com\/wp-content\/uploads\/2018\/08\/teststreifen.jpg' title=\"\" data-rl_title=\"\" class=\"rl-gallery-link\" data-rl_caption=\"\" data-rel=\"lightbox-gallery-1\"><img width=\"150\" height=\"150\" src=\"https:\/\/rostundrubel.com\/wp-content\/uploads\/2018\/08\/teststreifen-150x150.jpg\" class=\"attachment-thumbnail size-thumbnail\" alt=\"\" decoding=\"async\" loading=\"lazy\" \/><\/a>\n\t\t\t<\/div><\/figure><figure class='gallery-item'>\n\t\t\t<div class='gallery-icon landscape'>\n\t\t\t\t<a href='https:\/\/rostundrubel.com\/wp-content\/uploads\/2018\/08\/cabhinten.jpg' title=\"\" data-rl_title=\"\" class=\"rl-gallery-link\" data-rl_caption=\"\" data-rel=\"lightbox-gallery-1\"><img width=\"150\" height=\"150\" src=\"https:\/\/rostundrubel.com\/wp-content\/uploads\/2018\/08\/cabhinten-150x150.jpg\" class=\"attachment-thumbnail size-thumbnail\" alt=\"\" decoding=\"async\" loading=\"lazy\" \/><\/a>\n\t\t\t<\/div><\/figure><figure class='gallery-item'>\n\t\t\t<div class='gallery-icon portrait'>\n\t\t\t\t<a href='https:\/\/rostundrubel.com\/wp-content\/uploads\/2018\/08\/cabmitte.jpg' title=\"\" data-rl_title=\"\" class=\"rl-gallery-link\" data-rl_caption=\"\" data-rel=\"lightbox-gallery-1\"><img width=\"150\" height=\"150\" src=\"https:\/\/rostundrubel.com\/wp-content\/uploads\/2018\/08\/cabmitte-150x150.jpg\" class=\"attachment-thumbnail size-thumbnail\" alt=\"\" decoding=\"async\" loading=\"lazy\" \/><\/a>\n\t\t\t<\/div><\/figure><figure class='gallery-item'>\n\t\t\t<div class='gallery-icon portrait'>\n\t\t\t\t<a href='https:\/\/rostundrubel.com\/wp-content\/uploads\/2018\/08\/cabb\u00fchne.jpg' title=\"\" data-rl_title=\"\" class=\"rl-gallery-link\" data-rl_caption=\"\" data-rel=\"lightbox-gallery-1\"><img width=\"150\" height=\"150\" src=\"https:\/\/rostundrubel.com\/wp-content\/uploads\/2018\/08\/cabb\u00fchne-150x150.jpg\" class=\"attachment-thumbnail size-thumbnail\" alt=\"\" decoding=\"async\" loading=\"lazy\" \/><\/a>\n\t\t\t<\/div><\/figure>\n\t\t<\/div>\n\n<p>Die Materialkosten beliefen sich auf ca. 2500 \u20ac ( Holzlatten, Schrauben, Haken, Hasendraht, B1 Folie, Mineralwolle, Stoff )<\/p>\n<p>Nach der Fertigstellung konnten wir bereits, ohne eine Nachmessung, zufrieden feststellen, dass wir das erreicht hatten was wir im Rahmen der Zeit und des Budgets erreichen konnten und wollten: eine deutliche Verringerung der Nachhallzeit und eine Verbesserung der zuvor auftretenden starken Interferenzen im Bassbereich.<\/p>\n<p>Nicht nur f\u00fcr die H\u00f6rer, Musiker und Techniker, sondern auch f\u00fcr das Hangar-Team ist es nun\u00a0 angenehmer sich lange Zeit im Hangar aufzuhalten; da h\u00e4ufig eine schlechte Raumakustik \u00fcber einen erh\u00f6hten Laust\u00e4rke-Pegel versucht wird wett zu machen.<\/p>\n<p>Dies war nun die erste Etappe. Wir planen f\u00fcr das n\u00e4chste mal noch weitere Optimierungen vorzunehmen. Es folgt Etappe 2 &#8230;<\/p>\n","protected":false},"excerpt":{"rendered":"<p>&nbsp; Als Bart fragte, ob ich helfen m\u00f6chte den Cabaret Hangar akustisch zu Optimieren, war ich gleich motiviert. Gemeinsam planten wir ca. 18% der Deckenfl\u00e4che mit Absorber-Paneelen innerhalb der Rippenb\u00f6gen zu befestigen. Die Tiefe der&hellip; <\/p>\n<p><a class=\"more-link\" href=\"https:\/\/rostundrubel.com\/?page_id=88\">Akustik-Optimierung Fusion 2018, Cabaret weiterlesen<\/a><\/p>\n","protected":false},"author":1,"featured_media":0,"parent":0,"menu_order":0,"comment_status":"closed","ping_status":"closed","template":"","meta":{"footnotes":""},"_links":{"self":[{"href":"https:\/\/rostundrubel.com\/index.php?rest_route=\/wp\/v2\/pages\/88"}],"collection":[{"href":"https:\/\/rostundrubel.com\/index.php?rest_route=\/wp\/v2\/pages"}],"about":[{"href":"https:\/\/rostundrubel.com\/index.php?rest_route=\/wp\/v2\/types\/page"}],"author":[{"embeddable":true,"href":"https:\/\/rostundrubel.com\/index.php?rest_route=\/wp\/v2\/users\/1"}],"replies":[{"embeddable":true,"href":"https:\/\/rostundrubel.com\/index.php?rest_route=%2Fwp%2Fv2%2Fcomments&post=88"}],"version-history":[{"count":6,"href":"https:\/\/rostundrubel.com\/index.php?rest_route=\/wp\/v2\/pages\/88\/revisions"}],"predecessor-version":[{"id":146,"href":"https:\/\/rostundrubel.com\/index.php?rest_route=\/wp\/v2\/pages\/88\/revisions\/146"}],"wp:attachment":[{"href":"https:\/\/rostundrubel.com\/index.php?rest_route=%2Fwp%2Fv2%2Fmedia&parent=88"}],"curies":[{"name":"wp","href":"https:\/\/api.w.org\/{rel}","templated":true}]}}